2952?
True
Does 60 divide 63120?
True
Is 110933 a multiple of 23?
False
Is 180260 a multiple of 20?
True
Does 290 divide 9424233?
False
Does 318 divide 5540776?
False
Is 192515 a multiple of 187?
False
Does 290 divide 102950?
True
Is 10532656 a multiple of 976?
False
Does 68 divide 173264?
True
Is 1054552 a multiple of 683?
True
Is 244 a factor of 219600?
True
Does 610 divide 2984730?
True
Does 5 divide 65100?
True
Does 845 divide 3679130?
True
Is 367 a factor of 316721?
True
Is 14 a factor of 36462?
False
Is 569 a factor of 962504?
False
Does 12 divide 4421760?
True
Is 390 a factor of 200460?
True
Does 12 divide 1001021?
False
Is 77 a factor of 118580?
True
Does 26 divide 84161?
False
Does 723 divide 344807?
False
Is 2690940 a multiple of 447?
True
Does 63 divide 442071?
True
Is 28329 a multiple of 57?
True
Is 13 a factor of 882284?
True
Does 14 divide 12134?
False
Does 109 divide 39676?
True
Is 66826 a multiple of 20?
False
Is 98064 a multiple of 27?
True
Is 8089896 a multiple of 57?
True
Is 110 a factor of 1827336?
False
Does 74 divide 434380?
True
Does 107 divide 55961?
True
Is 1610420 a multiple of 14?
True
Is 198 a factor of 194040?
True
Is 9 a factor of 1457959?
False
Is 14 a factor of 21504350?
True
Is 16 a factor of 202475?
False
Is 12 a factor of 5046600?
True
Is 6 a factor of 27354?
True
Does 2 divide 953313?
False
Is 195507 a multiple of 99?
False
Is 617231 a multiple of 24?
False
Is 305 a factor of 2532882?
False
Is 32 a factor of 4720000?
True
Is 1622 a factor of 3177498?
True
Does 126 divide 1764?
True
Is 122 a factor of 146957?
False
Is 512 a factor of 155466?
False
Does 279 divide 451960?
False
Is 10 a factor of 26180?
True
Is 666 a factor of 1246001?
False
Is 528645 a multiple of 127?
False
Is 24809563 a multiple of 24?
False
Is 1300535 a multiple of 30?
False
Is 151 a factor of 21654?
False
Is 4 a factor of 27610?
False
Is 113 a factor of 2095?
False
Is 26741 a multiple of 221?
True
Does 33 divide 3500576?
False
Is 704912 a multiple of 52?
True
Is 451 a factor of 589908?
True
Does 76 divide 58615?
False
Is 235739 a multiple of 125?
False
Does 74 divide 109520?
True
Is 932 a factor of 1791660?
False
Is 369 a factor of 741690?
True
Is 2733115 a multiple of 5?
True
Is 74518 a multiple of 53?
True
Does 10 divide 163270?
True
Does 33 divide 75304?
False
Is 47186 a multiple of 270?
False
Is 2566201 a multiple of 11?
True
Does 262 divide 37055088?
False
Does 63 divide 87948?
True
Is 80693 a multiple of 150?
False
Is 156465 a multiple of 169?
False
Is 458298 a multiple of 27?
True
Is 283 a factor of 1079079?
True
Is 31 a factor of 552683?
False
Is 8977381 a multiple of 6?
False
Is 131 a factor of 773031?
True
Is 16 a factor of 7019720?
False
Is 22 a factor of 245784?
True
Is 631890 a multiple of 357?
True
Is 66 a factor of 44946?
True
Is 82575 a multiple of 9?
True
Does 26 divide 1150268?
False
Does 60 divide 1748185?
False
Does 393 divide 1796796?
True
Is 544176 a multiple of 75?
False
Does 214 divide 3346938?
False
Does 113 divide 1815380?
False
Does 59 divide 10386655?
True
Is 112005 a multiple of 291?
False
Is 51142 a multiple of 3?
False
Is 197 a factor of 701320?
True
Does 395 divide 364980?
True
Is 6 a factor of 8286?
True
Does 32 divide 4490240?
True
Does 184 divide 133538?
False
Is 1026754 a multiple of 92?
False
Does 935 divide 3095702?
False
Is 26 a factor of 101114?
True
Is 7 a factor of 111688?
False
Is 24055500 a multiple of 60?
True
Does 89 divide 4733874?
False
Does 92 divide 1228200?
True
Is 9 a factor of 1471501?
False
Is 143 a factor of 11657074?
True
Is 4111153 a multiple of 562?
False
Is 28 a factor of 49586?
False
Is 3191497 a multiple of 3?
False
Is 280275 a multiple of 37?
True
Does 6 divide 602946?
True
Does 2 divide 113940?
True
Is 15 a factor of 1045830?
True
Does 348 divide 1007112?
True
Does 297 divide 1228095?
True
Is 576 a factor of 789120?
True
Is 34 a factor of 1536052?
True
Is 217 a factor of 1666694?
False
Is 4 a factor of 1900001?
False
Is 2059360 a multiple of 61?
True
Does 144 divide 182607?
False
Is 612378 a multiple of 96?
False
Is 4376919 a multiple of 18?
False
Is 175896 a multiple of 63?
True
Is 485 a factor of 408355?
False
Does 12 divide 20988?
True
Does 751 divide 881466?
False
Is 289 a factor of 10678198?
False
Is 17 a factor of 4339862?
True
Does 22 divide 165392?
False
Is 1759697 a multiple of 796?
False
Is 264401 a multiple of 10?
False
Is 712 a factor of 719458?
False
Is 1121902 even?
True
Is 25 a factor of 19508300?
True
Is 108181 a multiple of 30?
False
Is 1688914 a multiple of 2?
True
Is 2925270 a multiple of 45?
True
Is 3616816 a multiple of 344?
True
Is 42414 a multiple of 107?
False
Does 11 divide 26861761?
False
Does 17 divide 1461192?
False
Does 172 divide 169076?
True
Does 171 divide 6414888?
False
Is 179653 a multiple of 73?
True
Does 32 divide 95538?
False
Does 826 divide 775350?
False
Is 130 a factor of 5943914?
False
Is 7519750 a multiple of 20?
False
Does 30 divide 707582?
False
Is 366 a factor of 275232?
True
Is 5680 a multiple of 7?
False
Is 16 a factor of 163526?
False
Is 54 a factor of 85246?
False
Does 40 divide 1269464?
False
Is 8 a factor of 201706?
False
Is 79 a factor of 85478?
True
Does 338 divide 3604770?
True
Does 14 divide 199436?
False
Does 37 divide 29119?
True
Does 66 divide 26754684?
True
Is 33324324 a multiple of 33?
True
Does 19 divide 313446?
False
Is 1893232 a multiple of 176?
True
Is 162 a factor of 851472?
True
Does 274 divide 710256?
False
Is 127 a factor of 1981200?
True
Does 23 divide 7662220?
True
Is 17269 a multiple of 11?
False
Is 2181970 a multiple of 73?
True
Does 10 divide 150620?
True
Is 12091 a multiple of 11?
False
Does 14 divide 168465?
False
Does 379 divide 1395638?
False
Does 49 divide 490784?
True
Is 47 a factor of 51852?
False
Is 166 a factor of 58763?
False
Does 68 divide 871896?
True
Does 11 divide 247050?
False
Is 7 a factor of 4127148?
False
Is 45 a factor of 3280995?
True
Does 57 divide 5726715?
False
Is 22352 a multiple of 6?
False
Does 59 divide 495364?
True
Is 28494 a multiple of 43?
False
Is 62 a factor of 489617?
False
Is 55750 a multiple of 50?
True
Is 684227 a multiple of 23?
True
Is 188286 a multiple of 176?
False
Is 204 a factor of 4214028?
True
Does 417 divide 3375198?
True
Is 10870960 a multiple of 8?
True
Does 48 divide 645177?
False
Is 293 a factor of 172635?
False
Is 119 a factor of 464576?
True
Is 236383 a multiple of 84?
False
Is 299 a factor of 21897863?
True
Is 8 a factor of 413072?
True
Is 304707 a multiple of 113?
False
Does 141 divide 2064945?
True
Is 4877893 a multiple of 73?
False
Is 22 a factor of 8399424?
True
Is 6 a factor of 1713826?
False
Is 22754 a multiple of 26?
False
Does 68 divide 562761?
False
Does 25 divide 179900?
True
Does 40 divide 70760?
True
Is 109625 a multiple of 45?
False
Is 478 a factor of 3894305?
False
Is 19 a factor of 189493?
False
Is 20 a factor of 263625?
False
Is 629 a factor of 1307414?
False
Does 48 divide 28200?
False
Does 201 divide 3461019?
True
Does 12 divide 140371?
False
Does 36 divide 60305?
False
Is 39 a factor of 1602353?
False
Does 20 divide 218880?
True
Is 353 a factor of 6931861?
True
Does 33 divide 77088?
True
Does 34 divide 360196?
True
Does 297 divide 4987782?
False
Is 10 a factor of 20210?
True
Does 15 divide 1802419?
False
Is 103 a factor of 300079?
False
Does 341 divide 914562?
True
Does 307 divide 670125?
False
Does 6 divide 1440734?
False
Is 59 a factor of 19411?
True
Does 19 divide 181711?
False
Does 5 divide 542610?
True
Is 1276301 a multiple of 14?
False
Is 39 a factor of 3915093?
True
Is 6291502 a multiple of 10?
False
Is 4 a factor of 169452?
True
Is 197637 a multiple of 159?
True
Is 178 a factor of 1042641?
False
Is 81774 a multiple of 63?
True
Is 157839 a multiple of 33?
True
Is 34 a factor of 47328?
True
Does 22 divide 6968476?
False
Is 4665815 a multiple of 53?
False
Is 151538 a multiple of 29?
False
Is 189 a factor of 371763?
True
Does 10 divide 21180?
True
Is 101 a factor of 360671?
True
Does 7 divide 12767?
False
Is 14 a factor of 1860763?
False
Does 21 divide 9688766?
False
Does 8 divide 11896?
True
Does 6 divide 853632?
True
Is 1071 a factor of 760410?
True
Is 35130 a multiple of 2?
True
Does 105 divide 5084855?
False
Does 46 divide 1